{"id":379,"date":"2021-04-14T17:43:00","date_gmt":"2021-04-14T15:43:00","guid":{"rendered":"https:\/\/rhein-erft-kreis.de\/kulturnetz\/kulturwochen\/?page_id=379"},"modified":"2022-08-15T15:59:23","modified_gmt":"2022-08-15T13:59:23","slug":"startseite","status":"publish","type":"page","link":"https:\/\/www2.rhein-erft-kreis.de\/kulturnetz\/kulturwochen\/","title":{"rendered":"Startseite"},"content":{"rendered":"\t\t<div data-elementor-type=\"wp-page\" data-elementor-id=\"379\" class=\"elementor elementor-379\" data-elementor-settings=\"[]\">\n\t\t\t\t\t\t<div class=\"elementor-inner\">\n\t\t\t\t\t\t\t<div class=\"elementor-section-wrap\">\n\t\t\t\t\t\t\t<section class=\"elementor-section elementor-top-section elementor-element elementor-element-1897613 elementor-section-boxed elementor-section-height-default elementor-section-height-default\" data-id=\"1897613\" data-element_type=\"section\">\n\t\t\t\t\t\t<div class=\"elementor-container elementor-column-gap-default\">\n\t\t\t\t\t\t\t<div class=\"elementor-row\">\n\t\t\t\t\t<div class=\"elementor-column elementor-col-100 elementor-top-column elementor-element elementor-element-56e144f\" data-id=\"56e144f\" data-element_type=\"column\">\n\t\t\t<div class=\"elementor-column-wrap elementor-element-populated\">\n\t\t\t\t\t\t\t<div class=\"elementor-widget-wrap\">\n\t\t\t\t\t\t<div class=\"elementor-element elementor-element-cb50a30 elementor-widget elementor-widget-heading\" data-id=\"cb50a30\" data-element_type=\"widget\" data-widget_type=\"heading.default\">\n\t\t\t\t<div class=\"elementor-widget-container\">\n\t\t\t<h2 class=\"elementor-heading-title elementor-size-default\">Gru\u00dfwort des Landrates<\/h2>\t\t<\/div>\n\t\t\t\t<\/div>\n\t\t\t\t<div class=\"elementor-element elementor-element-123f302 elementor-widget elementor-widget-text-editor\" data-id=\"123f302\" data-element_type=\"widget\" data-widget_type=\"text-editor.default\">\n\t\t\t\t<div class=\"elementor-widget-container\">\n\t\t\t\t\t<div class=\"elementor-text-editor elementor-clearfix\"><p>Sehr geehrte Damen und Herren,<\/p><p>die J\u00fcdischen Kulturwochen Rhein-Erft im letzten Jahr anl\u00e4sslich des Festjahres \u201e1700 Jahre j\u00fcdisches Leben in Deutschland\u201c waren ein voller Erfolg.&nbsp;<\/p><p>Mit insgesamt 67 offiziellen Veranstaltungen mit 3.300 Besucherinnen und Besuchern waren die J\u00fcdischen Kulturwochen eines der gr\u00f6\u00dften Festivals in Deutschland zu diesem Thema. Dies zeigt mir und allen Veranstaltern, wie wichtig gerade in der aktuellen Situation der Blick auf j\u00fcdisches Leben und die Kultur bleibt.<\/p><p>Deshalb wird der Rhein-Erft-Kreis mit seinen St\u00e4dten auch 2022 die J\u00fcdischen Kulturwochen Rhein-Erft anbieten. In fast allen Kommunen finden Interessierte kulturelle Einblicke in die Vergangenheit, die Gegenwart und in die Zukunft des j\u00fcdischen Lebens.<\/p><p>Allen Beteiligten danke ich f\u00fcr das gro\u00dfe Engagement, um auch im zweiten Jahr ein solches Festival zu erm\u00f6glichen, welches insbesondere vom Engagement der Kommunen und all der Ehrenamtlichen lebt, die bereit sind, ihre Zeit und Energie darauf zu verwenden und sich mit Herz und Verstand einbringen.&nbsp;<\/p><p>Mein Dank richtet sich auch an die Kultur- und Umweltstiftung der Kreissparkasse K\u00f6ln f\u00fcr die finanzielle Unterst\u00fctzung der J\u00fcdischen Kulturwochen Rhein-Erft.&nbsp;<\/p><p>Ich w\u00fcnsche Ihnen als Besucherinnen und Besucher viel Freude und erkenntnisreiche Einblicke in das Programm.&nbsp;<\/p><p>Frank Rock<\/p><p>Landrat<\/p><\/div>\n\t\t\t\t<\/div>\n\t\t\t\t<\/div>\n\t\t\t\t\t\t<\/div>\n\t\t\t\t\t<\/div>\n\t\t<\/div>\n\t\t\t\t\t\t\t\t<\/div>\n\t\t\t\t\t<\/div>\n\t\t<\/section>\n\t\t\t\t\t\t<\/div>\n\t\t\t\t\t\t<\/div>\n\t\t\t\t\t<\/div>\n\t\t","protected":false},"excerpt":{"rendered":"<p>Gru\u00dfwort des Landrates Sehr geehrte Damen und Herren, die J\u00fcdischen Kulturwochen Rhein-Erft im letzten Jahr anl\u00e4sslich des Festjahres \u201e1700 Jahre j\u00fcdisches Leben in Deutschland\u201c waren ein voller Erfolg.&nbsp; Mit insgesamt 67 offiziellen Veranstaltungen mit 3.300 Besucherinnen und Besuchern waren die J\u00fcdischen Kulturwochen eines der gr\u00f6\u00dften Festivals in Deutschland zu diesem Thema. Dies zeigt mir und allen Veranstaltern, wie wichtig gerade<\/p>\n<p><a class=\"more-link\" href=\"https:\/\/www2.rhein-erft-kreis.de\/kulturnetz\/kulturwochen\/\">Weiterlesen<\/a><\/p>\n","protected":false},"author":1,"featured_media":0,"parent":0,"menu_order":0,"comment_status":"closed","ping_status":"closed","template":"","meta":[],"_links":{"self":[{"href":"https:\/\/www2.rhein-erft-kreis.de\/kulturnetz\/kulturwochen\/wp-json\/wp\/v2\/pages\/379"}],"collection":[{"href":"https:\/\/www2.rhein-erft-kreis.de\/kulturnetz\/kulturwochen\/wp-json\/wp\/v2\/pages"}],"about":[{"href":"https:\/\/www2.rhein-erft-kreis.de\/kulturnetz\/kulturwochen\/wp-json\/wp\/v2\/types\/page"}],"author":[{"embeddable":true,"href":"https:\/\/www2.rhein-erft-kreis.de\/kulturnetz\/kulturwochen\/wp-json\/wp\/v2\/users\/1"}],"replies":[{"embeddable":true,"href":"https:\/\/www2.rhein-erft-kreis.de\/kulturnetz\/kulturwochen\/wp-json\/wp\/v2\/comments?post=379"}],"version-history":[{"count":31,"href":"https:\/\/www2.rhein-erft-kreis.de\/kulturnetz\/kulturwochen\/wp-json\/wp\/v2\/pages\/379\/revisions"}],"predecessor-version":[{"id":678,"href":"https:\/\/www2.rhein-erft-kreis.de\/kulturnetz\/kulturwochen\/wp-json\/wp\/v2\/pages\/379\/revisions\/678"}],"wp:attachment":[{"href":"https:\/\/www2.rhein-erft-kreis.de\/kulturnetz\/kulturwochen\/wp-json\/wp\/v2\/media?parent=379"}],"curies":[{"name":"wp","href":"https:\/\/api.w.org\/{rel}","templated":true}]}}

<div data-elementor-type="wp-page" data-elementor-id="379" class="elementor elementor-379" data-elementor-settings="[]">
						<div class="elementor-inner">
							<div class="elementor-section-wrap">
							<section class="elementor-section elementor-top-section elementor-element elementor-element-1897613 elementor-section-boxed elementor-section-height-default elementor-section-height-default" data-id="1897613" data-element_type="section">
						<div class="elementor-container elementor-column-gap-default">
							<div class="elementor-row">
					<div class="elementor-column elementor-col-100 elementor-top-column elementor-element elementor-element-56e144f" data-id="56e144f" data-element_type="column">
			<div class="elementor-column-wrap elementor-element-populated">
							<div class="elementor-widget-wrap">
						<div class="elementor-element elementor-element-cb50a30 elementor-widget elementor-widget-heading" data-id="cb50a30" data-element_type="widget" data-widget_type="heading.default">
				<div class="elementor-widget-container">
			<h2 class="elementor-heading-title elementor-size-default">Grußwort des Landrates</h2>		</div>
				</div>
				<div class="elementor-element elementor-element-123f302 elementor-widget elementor-widget-text-editor" data-id="123f302" data-element_type="widget" data-widget_type="text-editor.default">
				<div class="elementor-widget-container">
					<div class="elementor-text-editor elementor-clearfix"><p>Sehr geehrte Damen und Herren,</p><p>die Jüdischen Kulturwochen Rhein-Erft im letzten Jahr anlässlich des Festjahres „1700 Jahre jüdisches Leben in Deutschland“ waren ein voller Erfolg.&nbsp;</p><p>Mit insgesamt 67 offiziellen Veranstaltungen mit 3.300 Besucherinnen und Besuchern waren die Jüdischen Kulturwochen eines der größten Festivals in Deutschland zu diesem Thema. Dies zeigt mir und allen Veranstaltern, wie wichtig gerade in der aktuellen Situation der Blick auf jüdisches Leben und die Kultur bleibt.</p><p>Deshalb wird der Rhein-Erft-Kreis mit seinen Städten auch 2022 die Jüdischen Kulturwochen Rhein-Erft anbieten. In fast allen Kommunen finden Interessierte kulturelle Einblicke in die Vergangenheit, die Gegenwart und in die Zukunft des jüdischen Lebens.</p><p>Allen Beteiligten danke ich für das große Engagement, um auch im zweiten Jahr ein solches Festival zu ermöglichen, welches insbesondere vom Engagement der Kommunen und all der Ehrenamtlichen lebt, die bereit sind, ihre Zeit und Energie darauf zu verwenden und sich mit Herz und Verstand einbringen.&nbsp;</p><p>Mein Dank richtet sich auch an die Kultur- und Umweltstiftung der Kreissparkasse Köln für die finanzielle Unterstützung der Jüdischen Kulturwochen Rhein-Erft.&nbsp;</p><p>Ich wünsche Ihnen als Besucherinnen und Besucher viel Freude und erkenntnisreiche Einblicke in das Programm.&nbsp;</p><p>Frank Rock</p><p>Landrat</p></div>
				</div>
				</div>
						</div>
					</div>
		</div>
								</div>
					</div>
		</section>
						</div>
						</div>
					</div>

<p>Grußwort des Landrates Sehr geehrte Damen und Herren, die Jüdischen Kulturwochen Rhein-Erft im letzten Jahr anlässlich des Festjahres „1700 Jahre jüdisches Leben in Deutschland“ waren ein voller Erfolg.&nbsp; Mit insgesamt 67 offiziellen Veranstaltungen mit 3.300 Besucherinnen und Besuchern waren die Jüdischen Kulturwochen eines der größten Festivals in Deutschland zu diesem Thema. Dies zeigt mir und allen Veranstaltern, wie wichtig gerade</p>
<p><a class="more-link" href="https://www2.rhein-erft-kreis.de/kulturnetz/kulturwochen/">Weiterlesen</a></p>
